{"id":382,"date":"2022-08-08T12:14:02","date_gmt":"2022-08-08T10:14:02","guid":{"rendered":"https:\/\/rknarquitectos.com\/about\/"},"modified":"2024-08-26T14:15:21","modified_gmt":"2024-08-26T12:15:21","slug":"about","status":"publish","type":"page","link":"https:\/\/rknarquitectos.com\/en\/about\/","title":{"rendered":"Studio"},"content":{"rendered":"<div data-elementor-type=\"wp-page\" data-elementor-id=\"382\" class=\"elementor elementor-382\">\n\t\t\t\t<div class=\"elementor-element elementor-element-305c1233 e-flex e-con-boxed e-con e-parent\" data-id=\"305c1233\" data-element_type=\"container\" data-core-v316-plus=\"true\">\n\t\t\t\t\t<div class=\"e-con-inner\">\n\t\t\t\t\t<\/div>\n\t\t\t\t<\/div>\n\t\t<div class=\"elementor-element elementor-element-37bfb14 e-flex e-con-boxed e-con e-parent\" data-id=\"37bfb14\" data-element_type=\"container\" data-core-v316-plus=\"true\">\n\t\t\t\t\t<div class=\"e-con-inner\">\n\t\t\t\t<div class=\"elementor-element elementor-element-1bcf129 elementor-widget elementor-widget-heading\" data-id=\"1bcf129\" data-element_type=\"widget\" data-widget_type=\"heading.default\">\n\t\t\t\t<div class=\"elementor-widget-container\">\n\t\t\t<style>\/*! elementor - v3.20.0 - 10-04-2024 *\/\n.elementor-heading-title{padding:0;margin:0;line-height:1}.elementor-widget-heading .elementor-heading-title[class*=elementor-size-]>a{color:inherit;font-size:inherit;line-height:inherit}.elementor-widget-heading .elementor-heading-title.elementor-size-small{font-size:15px}.elementor-widget-heading .elementor-heading-title.elementor-size-medium{font-size:19px}.elementor-widget-heading .elementor-heading-title.elementor-size-large{font-size:29px}.elementor-widget-heading .elementor-heading-title.elementor-size-xl{font-size:39px}.elementor-widget-heading .elementor-heading-title.elementor-size-xxl{font-size:59px}<\/style><h1 class=\"elementor-heading-title elementor-size-default\">The Studio<\/h1>\t\t<\/div>\n\t\t\t\t<\/div>\n\t\t\t\t\t<\/div>\n\t\t\t\t<\/div>\n\t\t<div class=\"elementor-element elementor-element-f895fe6 e-flex e-con-boxed e-con e-parent\" data-id=\"f895fe6\" data-element_type=\"container\" data-core-v316-plus=\"true\">\n\t\t\t\t\t<div class=\"e-con-inner\">\n\t\t<div class=\"elementor-element elementor-element-8e4fa6b e-con-full e-flex e-con e-child\" data-id=\"8e4fa6b\" data-element_type=\"container\">\n\t\t\t\t<div class=\"elementor-element elementor-element-4a98132 elementor-widget elementor-widget-image\" data-id=\"4a98132\" data-element_type=\"widget\" data-widget_type=\"image.default\">\n\t\t\t\t<div class=\"elementor-widget-container\">\n\t\t\t<style>\/*! elementor - v3.20.0 - 10-04-2024 *\/\n.elementor-widget-image{text-align:center}.elementor-widget-image a{display:inline-block}.elementor-widget-image a img[src$=\".svg\"]{width:48px}.elementor-widget-image img{vertical-align:middle;display:inline-block}<\/style>\t\t\t\t\t\t\t\t\t\t<img fetchpriority=\"high\" decoding=\"async\" width=\"871\" height=\"1024\" src=\"https:\/\/rknarquitectos.com\/wp-content\/uploads\/2024\/02\/alvaro-recortado-1-1-scaled-1-1-1-871x1024.jpg\" class=\"attachment-large size-large wp-image-637\" alt=\"\" srcset=\"https:\/\/rknarquitectos.com\/wp-content\/uploads\/2024\/02\/alvaro-recortado-1-1-scaled-1-1-1-871x1024.jpg 871w, https:\/\/rknarquitectos.com\/wp-content\/uploads\/2024\/02\/alvaro-recortado-1-1-scaled-1-1-1-255x300.jpg 255w, https:\/\/rknarquitectos.com\/wp-content\/uploads\/2024\/02\/alvaro-recortado-1-1-scaled-1-1-1-768x903.jpg 768w, https:\/\/rknarquitectos.com\/wp-content\/uploads\/2024\/02\/alvaro-recortado-1-1-scaled-1-1-1-1306x1536.jpg 1306w, https:\/\/rknarquitectos.com\/wp-content\/uploads\/2024\/02\/alvaro-recortado-1-1-scaled-1-1-1-1742x2048.jpg 1742w, https:\/\/rknarquitectos.com\/wp-content\/uploads\/2024\/02\/alvaro-recortado-1-1-scaled-1-1-1-918x1080.jpg 918w\" sizes=\"(max-width: 871px) 100vw, 871px\" \/>\t\t\t\t\t\t\t\t\t\t\t\t\t<\/div>\n\t\t\t\t<\/div>\n\t\t\t\t<div class=\"elementor-element elementor-element-86f3b0c elementor-widget elementor-widget-heading\" data-id=\"86f3b0c\" data-element_type=\"widget\" data-widget_type=\"heading.default\">\n\t\t\t\t<div class=\"elementor-widget-container\">\n\t\t\t<h2 class=\"elementor-heading-title elementor-size-default\">\u00c1lvaro N\u00fa\u00f1ez<\/h2>\t\t<\/div>\n\t\t\t\t<\/div>\n\t\t\t\t<div class=\"elementor-element elementor-element-adc6894 elementor-widget elementor-widget-text-editor\" data-id=\"adc6894\" data-element_type=\"widget\" data-widget_type=\"text-editor.default\">\n\t\t\t\t<div class=\"elementor-widget-container\">\n\t\t\t<style>\/*! elementor - v3.20.0 - 10-04-2024 *\/\n.elementor-widget-text-editor.elementor-drop-cap-view-stacked .elementor-drop-cap{background-color:#69727d;color:#fff}.elementor-widget-text-editor.elementor-drop-cap-view-framed .elementor-drop-cap{color:#69727d;border:3px solid;background-color:transparent}.elementor-widget-text-editor:not(.elementor-drop-cap-view-default) .elementor-drop-cap{margin-top:8px}.elementor-widget-text-editor:not(.elementor-drop-cap-view-default) .elementor-drop-cap-letter{width:1em;height:1em}.elementor-widget-text-editor .elementor-drop-cap{float:left;text-align:center;line-height:1;font-size:50px}.elementor-widget-text-editor .elementor-drop-cap-letter{display:inline-block}<\/style>\t\t\t\t<p>Architect CEO I Land Managment and Developments<\/p>\n<p>\u00a0<\/p>\t\t\t\t\t\t<\/div>\n\t\t\t\t<\/div>\n\t\t\t\t<\/div>\n\t\t<div class=\"elementor-element elementor-element-e525138 e-con-full e-flex e-con e-child\" data-id=\"e525138\" data-element_type=\"container\">\n\t\t\t\t<div class=\"elementor-element elementor-element-4d2ac2c elementor-widget elementor-widget-image\" data-id=\"4d2ac2c\" data-element_type=\"widget\" data-widget_type=\"image.default\">\n\t\t\t\t<div class=\"elementor-widget-container\">\n\t\t\t\t\t\t\t\t\t\t\t\t\t<img decoding=\"async\" width=\"871\" height=\"1024\" src=\"https:\/\/rknarquitectos.com\/wp-content\/uploads\/2024\/02\/kevin-recortado-1-scaled-1-1-1-871x1024.jpg\" class=\"attachment-large size-large wp-image-638\" alt=\"\" srcset=\"https:\/\/rknarquitectos.com\/wp-content\/uploads\/2024\/02\/kevin-recortado-1-scaled-1-1-1-871x1024.jpg 871w, https:\/\/rknarquitectos.com\/wp-content\/uploads\/2024\/02\/kevin-recortado-1-scaled-1-1-1-255x300.jpg 255w, https:\/\/rknarquitectos.com\/wp-content\/uploads\/2024\/02\/kevin-recortado-1-scaled-1-1-1-768x903.jpg 768w, https:\/\/rknarquitectos.com\/wp-content\/uploads\/2024\/02\/kevin-recortado-1-scaled-1-1-1-1306x1536.jpg 1306w, https:\/\/rknarquitectos.com\/wp-content\/uploads\/2024\/02\/kevin-recortado-1-scaled-1-1-1-1742x2048.jpg 1742w, https:\/\/rknarquitectos.com\/wp-content\/uploads\/2024\/02\/kevin-recortado-1-scaled-1-1-1-918x1080.jpg 918w\" sizes=\"(max-width: 871px) 100vw, 871px\" \/>\t\t\t\t\t\t\t\t\t\t\t\t\t<\/div>\n\t\t\t\t<\/div>\n\t\t\t\t<div class=\"elementor-element elementor-element-8ed1dd8 elementor-widget elementor-widget-heading\" data-id=\"8ed1dd8\" data-element_type=\"widget\" data-widget_type=\"heading.default\">\n\t\t\t\t<div class=\"elementor-widget-container\">\n\t\t\t<h3 class=\"elementor-heading-title elementor-size-default\">Kevin Lorente<\/h3>\t\t<\/div>\n\t\t\t\t<\/div>\n\t\t\t\t<div class=\"elementor-element elementor-element-616a859 elementor-widget elementor-widget-text-editor\" data-id=\"616a859\" data-element_type=\"widget\" data-widget_type=\"text-editor.default\">\n\t\t\t\t<div class=\"elementor-widget-container\">\n\t\t\t\t\t\t\t<p>Architect CEO I Project Manager<\/p>\n<p>\u00a0<\/p>\t\t\t\t\t\t<\/div>\n\t\t\t\t<\/div>\n\t\t\t\t<\/div>\n\t\t\t\t\t<\/div>\n\t\t\t\t<\/div>\n\t\t\t\t<\/div>","protected":false},"excerpt":{"rendered":"<p>El Estudio \u00c1lvaro N\u00fa\u00f1ez Arquitecto CEO I Gesti\u00f3n del suelo y Promociones \u00a0 Kevin Lorente Arquitecto CEO I Project Manager \u00a0<\/p>","protected":false},"author":2,"featured_media":0,"parent":0,"menu_order":0,"comment_status":"closed","ping_status":"closed","template":"","meta":{"_monsterinsights_skip_tracking":false,"_monsterinsights_sitenote_active":false,"_monsterinsights_sitenote_note":"","_monsterinsights_sitenote_category":0,"footnotes":""},"_links":{"self":[{"href":"https:\/\/rknarquitectos.com\/en\/wp-json\/wp\/v2\/pages\/382"}],"collection":[{"href":"https:\/\/rknarquitectos.com\/en\/wp-json\/wp\/v2\/pages"}],"about":[{"href":"https:\/\/rknarquitectos.com\/en\/wp-json\/wp\/v2\/types\/page"}],"author":[{"embeddable":true,"href":"https:\/\/rknarquitectos.com\/en\/wp-json\/wp\/v2\/users\/2"}],"replies":[{"embeddable":true,"href":"https:\/\/rknarquitectos.com\/en\/wp-json\/wp\/v2\/comments?post=382"}],"version-history":[{"count":61,"href":"https:\/\/rknarquitectos.com\/en\/wp-json\/wp\/v2\/pages\/382\/revisions"}],"predecessor-version":[{"id":1607,"href":"https:\/\/rknarquitectos.com\/en\/wp-json\/wp\/v2\/pages\/382\/revisions\/1607"}],"wp:attachment":[{"href":"https:\/\/rknarquitectos.com\/en\/wp-json\/wp\/v2\/media?parent=382"}],"curies":[{"name":"wp","href":"https:\/\/api.w.org\/{rel}","templated":true}]}}

<div data-elementor-type="wp-page" data-elementor-id="382" class="elementor elementor-382">
				<div class="elementor-element elementor-element-305c1233 e-flex e-con-boxed e-con e-parent" data-id="305c1233" data-element_type="container" data-core-v316-plus="true">
					<div class="e-con-inner">
					</div>
				</div>
		<div class="elementor-element elementor-element-37bfb14 e-flex e-con-boxed e-con e-parent" data-id="37bfb14" data-element_type="container" data-core-v316-plus="true">
					<div class="e-con-inner">
				<div class="elementor-element elementor-element-1bcf129 elementor-widget elementor-widget-heading" data-id="1bcf129" data-element_type="widget" data-widget_type="heading.default">
				<div class="elementor-widget-container">
			<style>/*! elementor - v3.20.0 - 10-04-2024 */
.elementor-heading-title{padding:0;margin:0;line-height:1}.elementor-widget-heading .elementor-heading-title[class*=elementor-size-]>a{color:inherit;font-size:inherit;line-height:inherit}.elementor-widget-heading .elementor-heading-title.elementor-size-small{font-size:15px}.elementor-widget-heading .elementor-heading-title.elementor-size-medium{font-size:19px}.elementor-widget-heading .elementor-heading-title.elementor-size-large{font-size:29px}.elementor-widget-heading .elementor-heading-title.elementor-size-xl{font-size:39px}.elementor-widget-heading .elementor-heading-title.elementor-size-xxl{font-size:59px}</style><h1 class="elementor-heading-title elementor-size-default">The Studio</h1>		</div>
				</div>
					</div>
				</div>
		<div class="elementor-element elementor-element-f895fe6 e-flex e-con-boxed e-con e-parent" data-id="f895fe6" data-element_type="container" data-core-v316-plus="true">
					<div class="e-con-inner">
		<div class="elementor-element elementor-element-8e4fa6b e-con-full e-flex e-con e-child" data-id="8e4fa6b" data-element_type="container">
				<div class="elementor-element elementor-element-4a98132 elementor-widget elementor-widget-image" data-id="4a98132" data-element_type="widget" data-widget_type="image.default">
				<div class="elementor-widget-container">
			<style>/*! elementor - v3.20.0 - 10-04-2024 */
.elementor-widget-image{text-align:center}.elementor-widget-image a{display:inline-block}.elementor-widget-image a img[src$=".svg"]{width:48px}.elementor-widget-image img{vertical-align:middle;display:inline-block}</style>										<img fetchpriority="high" decoding="async" width="871" height="1024" src="https://rknarquitectos.com/wp-content/uploads/2024/02/alvaro-recortado-1-1-scaled-1-1-1-871x1024.jpg" class="attachment-large size-large wp-image-637" alt="" srcset="https://rknarquitectos.com/wp-content/uploads/2024/02/alvaro-recortado-1-1-scaled-1-1-1-871x1024.jpg 871w, https://rknarquitectos.com/wp-content/uploads/2024/02/alvaro-recortado-1-1-scaled-1-1-1-255x300.jpg 255w, https://rknarquitectos.com/wp-content/uploads/2024/02/alvaro-recortado-1-1-scaled-1-1-1-768x903.jpg 768w, https://rknarquitectos.com/wp-content/uploads/2024/02/alvaro-recortado-1-1-scaled-1-1-1-1306x1536.jpg 1306w, https://rknarquitectos.com/wp-content/uploads/2024/02/alvaro-recortado-1-1-scaled-1-1-1-1742x2048.jpg 1742w, https://rknarquitectos.com/wp-content/uploads/2024/02/alvaro-recortado-1-1-scaled-1-1-1-918x1080.jpg 918w" sizes="(max-width: 871px) 100vw, 871px" />													</div>
				</div>
				<div class="elementor-element elementor-element-86f3b0c elementor-widget elementor-widget-heading" data-id="86f3b0c" data-element_type="widget" data-widget_type="heading.default">
				<div class="elementor-widget-container">
			<h2 class="elementor-heading-title elementor-size-default">Álvaro Núñez</h2>		</div>
				</div>
				<div class="elementor-element elementor-element-adc6894 elementor-widget elementor-widget-text-editor" data-id="adc6894" data-element_type="widget" data-widget_type="text-editor.default">
				<div class="elementor-widget-container">
			<style>/*! elementor - v3.20.0 - 10-04-2024 */
.elementor-widget-text-editor.elementor-drop-cap-view-stacked .elementor-drop-cap{background-color:#69727d;color:#fff}.elementor-widget-text-editor.elementor-drop-cap-view-framed .elementor-drop-cap{color:#69727d;border:3px solid;background-color:transparent}.elementor-widget-text-editor:not(.elementor-drop-cap-view-default) .elementor-drop-cap{margin-top:8px}.elementor-widget-text-editor:not(.elementor-drop-cap-view-default) .elementor-drop-cap-letter{width:1em;height:1em}.elementor-widget-text-editor .elementor-drop-cap{float:left;text-align:center;line-height:1;font-size:50px}.elementor-widget-text-editor .elementor-drop-cap-letter{display:inline-block}</style>				<p>Architect CEO I Land Managment and Developments</p>
<p> </p>						</div>
				</div>
				</div>
		<div class="elementor-element elementor-element-e525138 e-con-full e-flex e-con e-child" data-id="e525138" data-element_type="container">
				<div class="elementor-element elementor-element-4d2ac2c elementor-widget elementor-widget-image" data-id="4d2ac2c" data-element_type="widget" data-widget_type="image.default">
				<div class="elementor-widget-container">
													<img decoding="async" width="871" height="1024" src="https://rknarquitectos.com/wp-content/uploads/2024/02/kevin-recortado-1-scaled-1-1-1-871x1024.jpg" class="attachment-large size-large wp-image-638" alt="" srcset="https://rknarquitectos.com/wp-content/uploads/2024/02/kevin-recortado-1-scaled-1-1-1-871x1024.jpg 871w, https://rknarquitectos.com/wp-content/uploads/2024/02/kevin-recortado-1-scaled-1-1-1-255x300.jpg 255w, https://rknarquitectos.com/wp-content/uploads/2024/02/kevin-recortado-1-scaled-1-1-1-768x903.jpg 768w, https://rknarquitectos.com/wp-content/uploads/2024/02/kevin-recortado-1-scaled-1-1-1-1306x1536.jpg 1306w, https://rknarquitectos.com/wp-content/uploads/2024/02/kevin-recortado-1-scaled-1-1-1-1742x2048.jpg 1742w, https://rknarquitectos.com/wp-content/uploads/2024/02/kevin-recortado-1-scaled-1-1-1-918x1080.jpg 918w" sizes="(max-width: 871px) 100vw, 871px" />													</div>
				</div>
				<div class="elementor-element elementor-element-8ed1dd8 elementor-widget elementor-widget-heading" data-id="8ed1dd8" data-element_type="widget" data-widget_type="heading.default">
				<div class="elementor-widget-container">
			<h3 class="elementor-heading-title elementor-size-default">Kevin Lorente</h3>		</div>
				</div>
				<div class="elementor-element elementor-element-616a859 elementor-widget elementor-widget-text-editor" data-id="616a859" data-element_type="widget" data-widget_type="text-editor.default">
				<div class="elementor-widget-container">
							<p>Architect CEO I Project Manager</p>
<p> </p>						</div>
				</div>
				</div>
					</div>
				</div>
				</div>

<p>El Estudio Álvaro Núñez Arquitecto CEO I Gestión del suelo y Promociones   Kevin Lorente Arquitecto CEO I Project Manager  </p>
